ctors of 5133?
3, 29, 59
What are the prime factors of 2672?
2, 167
What are the prime factors of 6812?
2, 13, 131
List the prime factors of 2831.
19, 149
List the prime factors of 17961.
3, 5987
What are the prime factors of 5772?
2, 3, 13, 37
What are the prime factors of 7436?
2, 11, 13
What are the prime factors of 39542?
2, 17, 1163
What are the prime factors of 130893?
3, 7, 23, 271
What are the prime factors of 106436?
2, 11, 41, 59
What are the prime factors of 743?
743
What are the prime factors of 1094?
2, 547
What are the prime factors of 2009?
7, 41
What are the prime factors of 75793?
75793
What are the prime factors of 64999?
11, 19, 311
What are the prime factors of 76767?
3, 25589
What are the prime factors of 10965?
3, 5, 17, 43
What are the prime factors of 67655?
5, 7, 1933
What are the prime factors of 2277?
3, 11, 23
List the prime factors of 2207.
2207
What are the prime factors of 166866?
2, 3, 7, 29, 137
List the prime factors of 512.
2
List the prime factors of 5171.
5171
What are the prime factors of 512?
2
What are the prime factors of 16248?
2, 3, 677
What are the prime factors of 2053?
2053
What are the prime factors of 8515?
5, 13, 131
What are the prime factors of 9482?
2, 11, 431
List the prime factors of 19518.
2, 3, 3253
List the prime factors of 6737.
6737
What are the prime factors of 16736?
2, 523
What are the prime factors of 168875?
5, 7, 193
What are the prime factors of 1116?
2, 3, 31
What are the prime factors of 2549?
2549
List the prime factors of 2703.
3, 17, 53
List the prime factors of 5537.
7, 113
What are the prime factors of 2615?
5, 523
List the prime factors of 27886.
2, 73, 191
List the prime factors of 121.
11
What are the prime factors of 47864?
2, 31, 193
What are the prime factors of 52255?
5, 7, 1493
What are the prime factors of 38692?
2, 17, 569
What are the prime factors of 115898?
2, 167, 347
List the prime factors of 8642.
2, 29, 149
What are the prime factors of 3381?
3, 7, 23
List the prime factors of 3958.
2, 1979
List the prime factors of 68825.
5, 2753
What are the prime factors of 11561?
11, 1051
List the prime factors of 652.
2, 163
What are the prime factors of 2605?
5, 521
What are the prime factors of 2374?
2, 1187
List the prime factors of 2381.
2381
What are the prime factors of 38544?
2, 3, 11, 73
What are the prime factors of 9081?
3, 1009
What are the prime factors of 9184?
2, 7, 41
List the prime factors of 1425.
3, 5, 19
What are the prime factors of 13612?
2, 41, 83
List the prime factors of 16654.
2, 11, 757
List the prime factors of 149415.
3, 5, 7, 1423
List the prime factors of 3741.
3, 29, 43
List the prime factors of 6793.
6793
What are the prime factors of 16412?
2, 11, 373
List the prime factors of 853.
853
List the prime factors of 1343.
17, 79
List the prime factors of 6026.
2, 23, 131
List the prime factors of 6458.
2, 3229
List the prime factors of 15555.
3, 5, 17, 61
List the prime factors of 2744.
2, 7
List the prime factors of 7508.
2, 1877
List the prime factors of 24659.
24659
List the prime factors of 2071.
19, 109
List the prime factors of 49881.
3, 13, 1279
What are the prime factors of 10939?
10939
List the prime factors of 434.
2, 7, 31
List the prime factors of 1252.
2, 313
List the prime factors of 130051.
130051
What are the prime factors of 6408?
2, 3, 89
List the prime factors of 195.
3, 5, 13
List the prime factors of 749.
7, 107
List the prime factors of 17484.
2, 3, 31, 47
List the prime factors of 368.
2, 23
What are the prime factors of 3024?
2, 3, 7
What are the prime factors of 1271?
31, 41
List the prime factors of 133.
7, 19
What are the prime factors of 31254?
2, 3, 5209
What are the prime factors of 74671?
89, 839
What are the prime factors of 195?
3, 5, 13
What are the prime factors of 19478?
2, 9739
What are the prime factors of 571?
571
What are the prime factors of 782?
2, 17, 23
List the prime factors of 43361.
131, 331
List the prime factors of 648.
2, 3
List the prime factors of 33530.
2, 5, 7, 479
List the prime factors of 48780.
2, 3, 5, 271
List the prime factors of 1214.
2, 607
What are the prime factors of 48782?
2, 24391
What are the prime factors of 1623?
3, 541
What are the prime factors of 16534?
2, 7, 1181
List the prime factors of 1054.
2, 17, 31
What are the prime factors of 9903?
3, 3301
List the prime factors of 1573.
11, 13
List the prime factors of 55468.
2, 7, 283
List the prime factors of 1142.
2, 571
List the prime factors of 2492.
2, 7, 89
List the prime factors of 153975.
3, 5, 2053
List the prime factors of 44380.
2, 5, 7, 317
What are the prime factors of 24611?
24611
What are the prime factors of 7234?
2, 3617
List the prime factors of 2670.
2, 3, 5, 89
What are the prime factors of 1723?
1723
List the prime factors of 2033.
19, 107
List the prime factors of 9115.
5, 1823
List the prime factors of 2097.
3, 233
List the prime factors of 13243.
17, 19, 41
List the prime factors of 127311.
3, 42437
List the prime factors of 223.
223
List the prime factors of 20576.
2, 643
What are the prime factors of 2483?
13, 191
What are the prime factors of 1292?
2, 17, 19
What are the prime factors of 3878?
2, 7, 277
What are the prime factors of 1783?
1783
What are the prime factors of 9008?
2, 563
What are the prime factors of 819?
3, 7, 13
What are the prime factors of 17041?
17041
What are the prime factors of 11996?
2, 2999
List the prime factors of 144314.
2, 59, 1223
What are the prime factors of 1503?
3, 167
List the prime factors of 38252.
2, 73, 131
What are the prime factors of 2605?
5, 521
What are the prime factors of 38404?
2, 9601
List the prime factors of 1736.
2, 7, 31
What are the prime factors of 14156?
2, 3539
List the prime factors of 97338.
2, 3, 16223
What are the prime factors of 39837?
3, 7, 271
List the prime factors of 73835.
5, 14767
List the prime factors of 17860.
2, 5, 19, 47
What are the prime factors of 6226?
2, 11, 283
List the prime factors of 22.
2, 11
What are the prime factors of 2275?
5, 7, 13
List the prime factors of 112884.
2, 3, 23, 409
List the prime factors of 5249.
29, 181
List the prime factors of 4384.
2, 137
List the prime factors of 991.
991
What are the prime factors of 21441?
3, 7, 1021
List the prime factors of 164514.
2, 3, 7, 3917
What are the prime factors of 8383?
83, 101
What are the prime factors of 34420?
2, 5, 1721
List the prime factors of 1873.
1873
What are the prime factors of 5989?
53, 113
What are the prime factors of 636?
2, 3, 53
List the prime factors of 34427.
173, 199
What are the prime factors of 1202?
2, 601
What are the prime factors of 15606?
2, 3, 17
What are the prime factors of 776?
2, 97
What are the prime factors of 28335?
3, 5, 1889
What are the prime factors of 60041?
60041
What are the prime factors of 37731?
3, 12577
What are the prime factors of 4187?
53, 79
List the prime factors of 33995.
5, 13, 523
What are the prime factors of 36182?
2, 79, 229
List the prime factors of 24138.
2, 3, 149
What are the prime factors of 10364?
2, 2591
What are the prime factors of 22224?
2, 3, 463
What are the prime factors of 316?
2, 79
List the prime factors of 4052.
2, 1013
What are the prime factors of 1672?
2, 11, 19
List the prime factors of 75806.
2, 29, 1307
List the prime factors of 1145.
5, 229
List the prime factors of 72.
2, 3
What are the prime factors of 1359?
3, 151
List the prime factors of 1499.
1499
List the prime factors of 766.
2, 383
What are the prime factors of 195725?
5, 7829
List the prime factors of 8494.
2, 31, 137
What are the prime factors of 634?
2, 317
List the prime factors of 1425.
3, 5, 19
What are the prime factors of 1997?
1997
List the prime factors of 5096.
2, 7, 13
List the prime factors of 21169.
21169
List the prime factors of 4323.
3, 11, 131
List the prime factors of 6543.
3, 727
List the prime factors of 3274.
2, 1637
List the prime factors of 41287.
19, 41, 53
List the prime factors of 9668.
2, 2417
List the prime factors of 25336.
2, 3167
What are the prime factors of 3129?
3, 7, 149
List the prime factors of 849.
3, 283
What are the prime factors of 154?
2, 7, 11
What are the prime factors of 118119?
3, 39373
List the prime factors of 160.
2, 5
List the prime factors of 6584.
2, 823
List the 